.
a22
Convert 21101 (base 3) to base 13.
124
Convert -45 (base 10) to base 9.
-50
-79 (base 11) to base 9
-105
What is 282 (base 16) in base 4?
22002
-18485 (base 9) to base 3
-122112212
What is -4482 (base 16) in base 6?
-213110
What is -12002 (base 5) in base 8?
-1555
-101 (base 14) to base 8
-305
What is 7a2 (base 12) in base 10?
1130
-2010012 (base 3) to base 8
-3010
511 (base 8) to base 9
405
What is -2120001 (base 3) in base 6?
-12344
-10111001010100 (base 2) to base 11
-8a02
Convert -278b (base 15) to base 7.
-33440
What is 2000122211 (base 3) in base 11?
27a35
Convert 951 (base 16) to base 14.
c25
-22055 (base 7) to base 8
-12630
-1015 (base 6) to base 2
-11100011
Convert -443 (base 15) to base 7.
-2544
Convert -120120 (base 5) to base 7.
-15600
862c (base 13) to base 3
221112221
Convert 14424 (base 11) to base 8.
47773
What is 9b4d (base 14) in base 6?
324345
Convert -1d51 (base 14) to base 16.
-14f3
What is 176 (base 8) in base 7?
240
What is 25343 (base 6) in base 12?
2253
Convert -4014 (base 5) to base 4.
-13331
4307 (base 9) to base 11
2419
Convert 22583 (base 10) to base 4.
11200313
What is -49b (base 12) in base 5?
-10240
Convert 29657 (base 10) to base 5.
1422112
7941 (base 10) to base 12
4719
-11110 (base 2) to base 13
-24
-186 (base 9) to base 5
-1114
Convert -673 (base 13) to base 5.
-13413
What is -b70 (base 15) in base 8?
-5024
-10663 (base 9) to base 13
-3306
-21664 (base 8) to base 14
-348c
Convert 403434 (base 6) to base 11.
21a87
Convert 10877 (base 16) to base 6.
1241235
Convert 34d (base 16) to base 13.
500
Convert 1111010010 (base 2) to base 10.
978
44276 (base 9) to base 10
29391
What is 286 (base 15) in base 16?
240
-6916 (base 10) to base 16
-1b04
3322 (base 5) to base 11
390
What is 103234 (base 6) in base 8?
20506
-5315 (base 9) to base 14
-15ca
-8551 (base 11) to base 2
-10110000101101
What is 140 (base 6) in base 3?
2020
Convert 742 (base 9) to base 14.
313
What is 121212 (base 3) in base 6?
2035
What is -10835 (base 9) in base 3?
-100221012
Convert -6b20 (base 12) to base 5.
-340401
What is -91 (base 14) in base 8?
-177
2845 (base 12) to base 2
1001000110101
What is -55600 (base 7) in base 8?
-33276
Convert -2260 (base 7) to base 2.
-1100111010
What is e263 (base 15) in base 10?
47793
-3300231 (base 4) to base 11
-10635
-102 (base 4) to base 8
-22
Convert aa1 (base 11) to base 7.
3565
Convert 10101011110 (base 2) to base 9.
1786
Convert -3344 (base 5) to base 6.
-2110
What is 289 (base 10) in base 4?
10201
21121210 (base 3) to base 6
41420
-18201 (base 9) to base 5
-400211
Convert 1033535 (base 6) to base 16.
c8c3
What is 111010011001 (base 2) in base 10?
3737
What is -225a0 (base 11) in base 15?
-9a24
-4a84 (base 11) to base 3
-100002102
What is -1121033 (base 5) in base 10?
-20143
What is 1422420 (base 5) in base 9?
44708
Convert 42243 (base 6) to base 14.
2123
Convert -9185 (base 11) to base 10.
-12193
1133130 (base 5) to base 12
10214
Convert 3b2a (base 13) to base 3.
102122022
What is 124433 (base 5) in base 8?
11601
What is 348a (base 12) in base 2?
1011011101010
What is 1300302 (base 4) in base 14?
28b8
What is -1730 (base 11) in base 14?
-b3d
2002022 (base 3) to base 15
6b5
Convert -34810 (base 10) to base 12.
-1818a
Convert 282 (base 16) to base 13.
3a5
-590 (base 11) to base 16
-2c0
Convert -51320 (base 6) to base 11.
-5137
Convert 4c3 (base 15) to base 11.
8a5
What is -2013231 (base 5) in base 16?
-7e3c
-c6 (base 16) to base 10
-198
Convert -27862 (base 10) to base 14.
-a222
-111100 (base 6) to base 3
-110210100
Convert 100101010001 (base 2) to base 9.
3240
What is 1036c (base 13) in base 12?
14a5a
What is 10a43 (base 11) in base 13?
730c
-175 (base 16) to base 14
-1c9
What is -26 (base 13) in base 15?
-22
Convert -3504 (base 10) to base 8.
-6660
What is 1111312 (base 4) in base 15?
1964
Convert -11200000 (base 3) to base 12.
-1b76
369 (base 14) to base 8
1251
What is 2942 (base 14) in base 6?
53502
678 (base 10) to base 8
1246
-3a4 (base 16) to base 7
-2501
What is -131c (base 14) in base 11?
-2583
Convert -11213 (base 4) to base 10.
-359
What is 213230 (base 6) in base 2?
100010010110010
Convert -135334 (base 6) to base 14.
-4998
Convert 21042 (base 5) to base 15.
632
Convert 12b (base 13) to base 12.
152
What is -1da9 (base 14) in base 7?
-21602
10110110212 (base 3) to base 6
1243252
What is -102100220 (base 3) in base 5?
-231121
440214 (base 5) to base 6
153415
What is -10101110101 (base 2) in base 4?
-111311
What is 121415 (base 6) in base 4?
2213303
20b (base 15) to base 14
24d
What is -100525 (base 6) in base 11?
-5a99
-1 (base 3) to base 15
-1
Convert 22221100 (base 3) to base 4.
1211310
Convert -b1d (base 15) to base 5.
-40003
2789 (base 11) to base 9
4846
-5582 (base 11) to base 16
-1cb6
Convert -10110001011010 (base 2) to base 13.
-5225
What is 24103 (base 6) in base 8?
6647
7662 (base 8) to base 13
1aa1
11526 (base 8) to base 4
1031112
Convert -2310 (base 4) to base 7.
-345
Convert 4887 (base 10) to base 7.
20151
36a36 (base 12) to base 4
102011022
What is 18d58 (base 14) in base 7?
351441
What is -2c33 (base 16) in base 7?
-44663
Convert -948d (base 14) to base 3.
-1022010100
What is -1011011010110101 (base 2) in base 3?
-2101011100
What is 146 (base 8) in base 12?
86
-111000001010100 (base 2) to base 13
-10120
Convert -1000110111110 (base 2) to base 15.
-152c
What is 2207 (base 16) in base 3?
102221122
Convert -1817 (base 12) to base 3.
-10222101
Convert -1001401 (base 5) to base 4.
-3313223
Convert 122102 (base 3) to base 8.
726
What is 25847 (base 9) in base 8?
42062
-1721 (base 10) to base 14
-8ad
Convert 215 (base 14) to base 2.
110011011
d2 (base 16) to base 4
3102
What is 1030321 (base 4) in base 6?
34441
-36982 (base 10) to base 6
-443114
What is 1131311 (base 4) in base 13?
296c
2353 (base 8) to base 2
10011101011
Convert b15 (base 16) to base 11.
214a
2230 (base 11) to base 16
b79
What is 101010 (base 3) in base 12?
1a9
-1a29 (base 11) to base 9
-3467
-20013 (base 4) to base 13
-30c
de3 (base 16) to base 12
2083
Convert -7004 (base 11) to base 15.
-2b66
What is 501 (base 9) in base 5?
3111
Convert -c88 (base 16) to base 15.
-e3d
What is 1154 (base 7) in base 6?
1555
-5608 (base 11) to base 4
-1303131
Convert -1332 (base 8) to base 9.
-1001
Convert -209c (base 13) to base 9.
-6175
Convert 1086 (base 11) to base 14.
73b
-3370 (base 9) to base 5
-34433
737 (base 12) to base 10
1051
2122111 (base 3) to base 11
14a5
33879 (base 12) to base 6
1245433
Convert -2004 (base 5) to base 10.
-254
What is 5c0 (base 13) in base 3?
1101002
What is -8ae4 (base 16) in base 7?
-205443
What is -1000111101 (base 2) in base 10?
-573
Convert -6243 (base 8) to base 10.
-3235
-3164 (base 8) to base 4
-121310
What is -153536 (base 8) in base 5?
-3231014
What is -110001 (base 2) in base 4?
-301
Convert -2545 (base 6) to base 9.
-782
What is -141020 (base 7) in base 11?
-19125
-100011011 (base 2) to base 3
-101111
What is 22 (base 11) in base 13?
1b
What is -474 (base 9) in base 11?
-326
What is 111101010010111 (base 2) in base 10?
31383
591 (base 14) to base 15
4dc
791 (base 16) to base 10
1937
Convert 16e (base 16) to base 12.
266
Convert 13653 (base 7) to base 14.
152a
What is -32310 (base 4) in base 10?
-948
-20002 (base 6) to base 12
-1602
-1000 (base 5) to base 3
-11122
Convert -76e (base 16) to base 9.
-2543
What is -21515 (base 6) in base 2?
-101110110111
-d6b (base 15) to base 6
-22002
What is -4430 (base 9) in base 16?
-cc3
What is 3190a (base 11) in base 14?
12c6d
What is -10161 (base 8) in base 10?
-4209
Convert -3105 (base 7) to base 14.
-575
What is 3111 (base 5) in base 10?
406
What is 2056 (base 7) in base 13?
43c
72d6 (base 14) to base 2
100110101001100
What is 144 (base 8) in base 10?
100
What is 291 (base 15) in base 10?
586
Convert 110000100 (base 2) to base 9.
471
635d (base 14) to base 10
17135
10de (base 15) to base 6
24332
Convert -1200052 (base 6) to base 3.
-10011101012
What is 70062 (base 8) in base 13?
100c5
What is 32402 (base 6) in base 10?
4466
Convert 11011111111 (base 2) to base 11.
1389
255a (base 16) to base 11
7203
Convert 263654 (base 7) to base 10.
49382
What is -1012 (base 7) in base 12?
-254
Convert 1312311 (base 4) to base 2.
1110110110101
Convert 6bb8 (bas